(-3). Let h(z) = z - 4. Let s be h(4). What is the units digit of (-1 - s)/(q/(-106))?
3
Suppose -8565*z + 8557*z + 272600 = 0. What is the units digit of z?
5
Let l = 170 - 162. Suppose -17 = 5*x + l, 1300 = 5*a + 2*x. What is the tens digit of a?
6
Suppose 3*d + 983 = 2*c, 3*d = -2*c + 8*d + 985. Let i be (3 + 1 + -3)*0. Suppose -5*s - 5*j + c = i, -3*s = 2*j + 159 - 454. What is the units digit of s?
9
Let c = -18504 - -31616. What is the ten thousands digit of c?
1
Let x(b) = -2*b**2 + 25*b + 3. Suppose 5*v + 54 = 44. Let w be (-34)/(-4) - (-1)/v. What is the tens digit of x(w)?
7
Suppose -32*c = -24 + 312. What is the units digit of ((-372)/c)/((-8)/(-84))?
4
Let l(x) = 5*x - 6. Let w be l(4). Let o be 2/6 - w/(-3). Suppose 4*h + o*v = 38, 0 = 2*v + 4. What is the units digit of h?
2
What is the thousands digit of 490746/26 + (6 - 912/156)?
8
Let k be 429/(-13)*(-2)/(-6). Let d(b) = b**3 + 17*b**2 + 3*b + 60. What is the tens digit of d(k)?
5
Let b = -30 + 34. Suppose -3*q = -5*q + b. Suppose -327 + 103 = -q*y. What is the units digit of y?
2
Suppose 2*s = 8*s - 36. Suppose 6*r - 2388 = -s*r. What is the hundreds digit of r?
1
Suppose 5*b - 120 = 7*b. Let y = b - -91. Let s = y - 19. What is the tens digit of s?
1
Let v be (20/14)/((-10)/(-420)). Suppose -v*t = -71*t + 2761. What is the tens digit of t?
5
Let m = -30 + 32. Suppose -g - m*s + 7*s + 27 = 0, 2*g = -2*s - 6. Suppose g*p + 206 + 126 = 3*h, -116 = -h - 2*p. What is the tens digit of h?
1
Suppose 100 = -3*u + u. Let n be (u/4)/(2/12). Let p = 103 + n. What is the tens digit of p?
2
Let n(t) = 53*t - 9. Let h(w) = -214*w + 35. Let o(f) = 6*h(f) + 26*n(f). What is the tens digit of o(4)?
5
Suppose -41*b = -35*b - 438. Suppose b*w = 76*w - 468. What is the hundreds digit of w?
1
What is the units digit of ((-8164)/(-130))/(874/7785 - 6/54)?
2
Suppose q = 3*q, q + 1780 = -92*f + 93*f. What is the tens digit of f?
8
Suppose -766*y = -763*y + 7016 - 58694. What is the ten thousands digit of y?
1
Let o = 8509 - -5193. What is the units digit of o?
2
Let k(z) = 10*z + 25. Let b be k(12). Let i = b - -55. What is the units digit of i?
0
Let q(s) = -6*s + 69. Let g be q(11). Suppose -2*n - g*f = -1335 - 340, -n = 5*f - 834. What is the units digit of n?
9
Let g = 3978 - -8873. What is the tens digit of g?
5
Let f be 2 - 4 - -76 - 2. Suppose 0 = -68*o + f*o - 24. Suppose -z = -o*z + 30. What is the units digit of z?
6
Let g be (-18 + 17)/((-1)/7). Suppose 7 = -4*a + g. Suppose -z = -a*z - 154. What is the hundreds digit of z?
1
Let w = -7501 - -13248. What is the tens digit of w?
4
Suppose 4*j = -13*d + 9*d + 22004, 3*d - 16511 = 5*j. What is the tens digit of d?
0
Let b(n) = 296*n - 64. Let c be b(25). Suppose 32790 = 22*t + c. What is the units digit of t?
7
Suppose 0 = -2*t + 2*q + 246, -2*t - 4*q + 597 = 3*t. Suppose -5*m - 75 = -d, -d - 40 + t = -3*m. What is the units digit of d?
0
Let d = -627 - -610. What is the hundreds digit of (d/(170/4))/(2/(-5480))?
0
Suppose -208006 - 128995 = -12*t + 101479. What is the tens digit of t?
4
Let p = 63362 - 33345. What is the tens digit of p?
1
Let x(c) = 817*c - 2261. What is the tens digit of x(9)?
9
Suppose -1116 = s - 1497. What is the tens digit of s?
8
Let h(a) = 2415*a + 42. Let g be h(10). Suppose 260*n = 244*n + g. What is the hundreds digit of n?
5
Let d = -10754 - -14060. What is the thousands digit of d?
3
Let j be 55/35 + (-20)/35. What is the hundreds digit of (-18 + 19)/(j/269)?
2
Suppose -6*f + 7461 + 8451 = 0. Suppose -3*i + f = i - 4*q, -5*i = 4*q - 3351. What is the units digit of i?
7
Let j = 480 - 678. Let m = 511 + j. What is the hundreds digit of m?
3
Suppose -5*d = -39 + 4. Suppose 0 = -g - d*g - 40. Let m(u) = -u + 5. What is the tens digit of m(g)?
1
What is the units digit of 7/((-28)/(-17560)) - 8?
2
Let d = 9457 - 5602. Suppose -25*g + 2845 = -d. What is the hundreds digit of g?
2
Let u(w) = -20*w - 21. Suppose 37 = 2*m + 47. What is the tens digit of u(m)?
7
Suppose 5*b = -2*l + 116030, -28*l = -31*l + 15*b + 173910. What is the hundreds digit of l?
0
Let n be (11/(-15) + (-42)/(-105))*0. Let y(i) be the first derivative of i**4/4 - i**3/3 - i**2/2 + 75*i - 2. What is the units digit of y(n)?
5
Suppose 61*q - 1215 = 66*q. Let t = -225 - q. What is the tens digit of t?
1
Let c = 1010 + -863. Suppose 164*x - c*x - 12546 = 0. What is the units digit of x?
8
Let t(r) = -6147*r**3 - 2*r**2 - r - 2. Let j be t(-1). Suppose 0 = 9*s - 20454 + j. What is the tens digit of s?
9
Suppose 78*f + 0*f = 1404. Let m(x) = -x**2 + x + 1. Let c(y) = 2*y**2 - 19*y + 1. Let q(l) = 2*c(l) + 2*m(l). What is the units digit of q(f)?
4
Let z be (-7)/(-21)*(3 - 0). Let u(p) = 5*p - 2. Let c be u(z). What is the tens digit of c/6 + (-357)/(-6)?
6
Let c(r) = 9*r - 42. Suppose -3*d + d = -4. Let i be 21 - d - -1 - 3. What is the hundreds digit of c(i)?
1
Let h(b) = -2*b + 2. Let a be h(-1). Suppose 20 = 3*r - 2*l, -4*r - a*l = -2*l - 22. Suppose -r*t + 77 = 11. What is the tens digit of t?
1
Let t(k) = -4332*k + 1403. What is the ten thousands digit of t(-4)?
1
Suppose -2*s = -4*v - 7*s + 15, 0 = 3*v - 4*s + 12. Suppose 460 = 2*x + x + 5*u, v = x - 5*u - 140. What is the units digit of (1684/(-10))/(-1) - 60/x?
8
Let j be (-2226)/(-15) + 4/(-10). Suppose 2*k - n = -92, 0 = -3*k + n - 2*n - j. Let o = k + 123. What is the tens digit of o?
7
Let b = 99 - 110. What is the units digit of (-30)/(-2805)*17 - 11636/b?
8
Let p(a) = -2503*a - 15690. What is the ten thousands digit of p(-18)?
2
Suppose b = -5*k, 4*b + 5*k - 60 = -b. Let p(v) = -b*v + 51 - 26 - 31. What is the units digit of p(-4)?
4
Suppose -2*k + 54106 = 2*a, 5*a - 5*k - 90907 - 44318 = 0. What is the units digit of a?
9
Let q = -243 + -2036. Let l = -875 - q. What is the thousands digit of l?
1
Suppose d - 2*s = 10368, -2*d - 804*s + 20718 = -799*s. What is the hundreds digit of d?
3
Suppose 7*h + 16 = -h. Let w be 7 - (-4 - h)*-1. Suppose -15 = w*o - 4*x, -1 = x - 6. What is the units digit of o?
1
Let w(y) = -3*y**3 - 20*y**2 - 26*y - 10. Let c(s) = 7*s**3 + 39*s**2 + 51*s + 19. Let g(p) = 2*c(p) + 5*w(p). What is the hundreds digit of g(-21)?
1
Let w(a) = 26*a**2 + 2*a + 14. Let g be w(-3). What is the hundreds digit of (-115)/23 + 1/2*g?
1
Suppose -26*k = -6*k - 80. Suppose k*l = -4*q + 3*q + 672, 0 = 5*q - l - 3297. What is the tens digit of q?
6
Suppose 0 = -10*s + 17*s - 63. Suppose -15*h = -s*h + 72. What is the tens digit of 58/4 - 18/h?
1
Let j(a) = 3873*a + 21. Let q be j(3). Suppose -22*h = -7*h - q. Suppose -h = -5*x + c, -2*x = -4*c - c - 315. What is the hundreds digit of x?
1
What is the thousands digit of 118135/5 + (-46 - -64)?
3
Let q = 2565 + 3022. What is the hundreds digit of q?
5
Let a(p) = p - 10. Let v be a(0). Let b be (-1)/2*15/v*4. Suppose -b*n - w + 294 = -n, 728 = 5*n - w. What is the tens digit of n?
4
What is the thousands digit of (-62602)/(-6)*(-13 + (3 - -13))?
1
Let g = 140 - 145. Let q(d) = -3*d**3 - 3*d**2 + 4*d - 9. What is the tens digit of q(g)?
7
Let o = 363 + -258. Suppose 0 = 5*k - 1960 + o. What is the hundreds digit of k?
3
Suppose 5*g = -2*z - 63, 7*g = 3*z + 2*g + 157. Let l be (-3 - -4)/(1 + 40/z). Let w = 15 + l. What is the units digit of w?
6
Let l be ((-57)/(-38) + (1 - 3))*2. Let g(k) = -342*k**3 - k**2 - 3*k - 2. What is the hundreds digit of g(l)?
3
Let n(c) = -25 - 286*c**2 - 18*c + 569*c**2 - 284*c**2. What is the tens digit of n(-8)?
5
What is the units digit of (5 - 1418180/(-25)) + 9*(-9)/405?
2
Let k(c) = -c**2 + 17*c - 12. Let j be k(16). Suppose 3730 = j*m + 490. Suppose -4*n - 254 = -m. What is the units digit of n?
9
Suppose -11*l + 195455 = 54*l. What is the hundreds digit of l?
0
Let h be (190 + 2)*76/8. Suppose 14*t = 20*t - h. What is the hundreds digit of t?
3
Let v(m) = m**2 - m - 1. Suppose -6 + 2 = -i. Let t be v(i). Let h(w) = -w**3 + 11*w**2 + 13*w + 5. What is the hundreds digit of h(t)?
1
Suppose l = -3*z + 4*l + 14043, 0 = 3*z + 3*l - 14055. What is the units digit of z?
3
Suppose 0 = 21*y - 45 - 102. Suppose 3*z = -0*b - 5*b + 291, 5*z + 255 = 4*b. Suppose b = y*j - 3*j. What is the units digit of j?
5
Suppose 4*p = c - 86 + 730, -5*p + 5*c = -820. Let n = p - 110. What is the units digit of n?
0
Supp